{"id":3163,"date":"2017-05-02T05:37:16","date_gmt":"2017-05-02T02:37:16","guid":{"rendered":"http:\/\/www.horizont.fi\/?post_type=product&#038;p=3163"},"modified":"2017-06-21T11:43:55","modified_gmt":"2017-06-21T08:43:55","slug":"finlandiatalo-kuva-iii-helsinki-2017","status":"publish","type":"product","link":"https:\/\/www.horizont.fi\/en\/product\/finlandiatalo-kuva-iii-helsinki-2017\/","title":{"rendered":"FINLANDIATALO, kuva III &#8211; Helsinki, 2017"},"content":{"rendered":"","protected":false},"excerpt":{"rendered":"<p><span lang=\"FI\" style=\"margin: 0px; font-family: 'Times New Roman',serif; font-size: 12pt;\"><span style=\"color: #000000;\"><i>N\u00e4et myyt\u00e4v\u00e4n kuvan t\u00e4ysikokoisena klikkaamalla viereist\u00e4 kuvaa.<\/i><\/span><\/span><\/p>\n<p><span lang=\"FI\" style=\"margin: 0px; font-family: 'Times New Roman',serif; font-size: 12pt;\"><span style=\"color: #000000;\">Finlandia talo<\/span><\/span><span lang=\"FI\" style=\"margin: 0px; font-family: 'Times New Roman',serif; font-size: 12pt;\"><span style=\"color: #000000;\"> on kongressi- ja tapahtumakeskus T\u00f6\u00f6l\u00f6nlahden rannalla. Alvar Aalto suunnitteli rakennuksen vuonna 1962 ja se valmistui 1971. Finlandia-talon suunnittelun johtoajatus oli tornimainen osa, jossa kokonaisuuden ylitse on rakennettu vino katto. T\u00e4m\u00e4 ajatus syntyi, koska Aalto uskoi saavuttavansa paremman akustiikan j\u00e4tt\u00e4m\u00e4ll\u00e4 tyhj\u00e4n kaiuntatilan salin yl\u00e4puolelle. Rakennuksen suurimmassa salissa on istumapaikat 1700 henkil\u00f6lle. Finlandia-talossa j\u00e4rjestet\u00e4\u00e4n s\u00e4\u00e4nn\u00f6llisesti opastettuja tutustumisk\u00e4yntej\u00e4 yleis\u00f6lle. Talossa toimii my\u00f6s yleis\u00f6lle avoinna oleva kahvila Caf\u00e9 Veranda. Kahvilan yhteydess\u00e4 on Galleria Veranda, jossa on vaihtuvia n\u00e4yttelyj\u00e4. <\/span><\/span><\/p>\n<p>Kuva: Markus Sinerv\u00e4<\/p>","protected":false},"featured_media":3088,"comment_status":"closed","ping_status":"closed","template":"","meta":{"_monsterinsights_skip_tracking":false,"_monsterinsights_sitenote_active":false,"_monsterinsights_sitenote_note":"","_monsterinsights_sitenote_category":0},"product_cat":[221],"product_tag":[375,376,230,231,238,367,239,312],"yoast_head":"<!-- This site is optimized with the Yoast SEO plugin v22.6 - https:\/\/yoast.com\/wordpress\/plugins\/seo\/ -->\n<title>ilmakuva finlandiatalo<\/title>\n<meta name=\"description\" content=\"Kuvaamme kauko-ohjattavilla kamerakoptereilla. Saat ammattitaidolla ja luotettavasti toteutetut videot ja ilmakuvat edullisesti joko suoraan kuvapankista tai tilaamalla kuvaajamme kohteeseesi.\" \/>\n<meta name=\"robots\" content=\"index, follow, max-snippet:-1, max-image-preview:large, max-video-preview:-1\" \/>\n<link rel=\"canonical\" href=\"https:\/\/www.horizont.fi\/en\/product\/finlandiatalo-kuva-iii-helsinki-2017\/\" \/>\n<meta property=\"og:locale\" content=\"en_GB\" \/>\n<meta property=\"og:type\" content=\"article\" \/>\n<meta property=\"og:title\" content=\"ilmakuva finlandiatalo\" \/>\n<meta property=\"og:description\" content=\"Kuvaamme kauko-ohjattavilla kamerakoptereilla. Saat ammattitaidolla ja luotettavasti toteutetut videot ja ilmakuvat edullisesti joko suoraan kuvapankista tai tilaamalla kuvaajamme kohteeseesi.\" \/>\n<meta property=\"og:url\" content=\"https:\/\/www.horizont.fi\/en\/product\/finlandiatalo-kuva-iii-helsinki-2017\/\" \/>\n<meta property=\"og:site_name\" content=\"HORIZONT \u2013 Ilmakuvaus\" \/>\n<meta property=\"article:publisher\" content=\"https:\/\/www.facebook.com\/Horizont.Aerial.Photographers\/\" \/>\n<meta property=\"article:modified_time\" content=\"2017-06-21T08:43:55+00:00\" \/>\n<meta property=\"og:image\" content=\"https:\/\/www.horizont.fi\/horizont\/wp-content\/uploads\/2017\/05\/cr4-Horizont_kuva_Finlandiatalo_yl\u00e4puolelta_Markus_Sinerv\u00e4-scaled.jpg\" \/>\n\t<meta property=\"og:image:width\" content=\"3983\" \/>\n\t<meta property=\"og:image:height\" content=\"2987\" \/>\n\t<meta property=\"og:image:type\" content=\"image\/jpeg\" \/>\n<meta name=\"twitter:card\" content=\"summary_large_image\" \/>\n<script type=\"application\/ld+json\" class=\"yoast-schema-graph\">{\"@context\":\"https:\/\/schema.org\",\"@graph\":[{\"@type\":\"WebPage\",\"@id\":\"https:\/\/www.horizont.fi\/product\/finlandiatalo-kuva-iii-helsinki-2017\/\",\"url\":\"https:\/\/www.horizont.fi\/product\/finlandiatalo-kuva-iii-helsinki-2017\/\",\"name\":\"ilmakuva finlandiatalo\",\"isPartOf\":{\"@id\":\"https:\/\/www.horizont.fi\/#website\"},\"primaryImageOfPage\":{\"@id\":\"https:\/\/www.horizont.fi\/product\/finlandiatalo-kuva-iii-helsinki-2017\/#primaryimage\"},\"image\":{\"@id\":\"https:\/\/www.horizont.fi\/product\/finlandiatalo-kuva-iii-helsinki-2017\/#primaryimage\"},\"thumbnailUrl\":\"https:\/\/www.horizont.fi\/horizont\/wp-content\/uploads\/2017\/05\/cr4-Horizont_kuva_Finlandiatalo_yl\u00e4puolelta_Markus_Sinerv\u00e4-scaled.jpg\",\"datePublished\":\"2017-05-02T02:37:16+00:00\",\"dateModified\":\"2017-06-21T08:43:55+00:00\",\"description\":\"Kuvaamme kauko-ohjattavilla kamerakoptereilla. Saat ammattitaidolla ja luotettavasti toteutetut videot ja ilmakuvat edullisesti joko suoraan kuvapankista tai tilaamalla kuvaajamme kohteeseesi.\",\"breadcrumb\":{\"@id\":\"https:\/\/www.horizont.fi\/product\/finlandiatalo-kuva-iii-helsinki-2017\/#breadcrumb\"},\"inLanguage\":\"en-GB\",\"potentialAction\":[{\"@type\":\"ReadAction\",\"target\":[\"https:\/\/www.horizont.fi\/product\/finlandiatalo-kuva-iii-helsinki-2017\/\"]}]},{\"@type\":\"ImageObject\",\"inLanguage\":\"en-GB\",\"@id\":\"https:\/\/www.horizont.fi\/product\/finlandiatalo-kuva-iii-helsinki-2017\/#primaryimage\",\"url\":\"https:\/\/www.horizont.fi\/horizont\/wp-content\/uploads\/2017\/05\/cr4-Horizont_kuva_Finlandiatalo_yl\u00e4puolelta_Markus_Sinerv\u00e4-scaled.jpg\",\"contentUrl\":\"https:\/\/www.horizont.fi\/horizont\/wp-content\/uploads\/2017\/05\/cr4-Horizont_kuva_Finlandiatalo_yl\u00e4puolelta_Markus_Sinerv\u00e4-scaled.jpg\",\"width\":3983,\"height\":2987,\"caption\":\"DCIM100MEDIADJI_0035.JPG\"},{\"@type\":\"BreadcrumbList\",\"@id\":\"https:\/\/www.horizont.fi\/product\/finlandiatalo-kuva-iii-helsinki-2017\/#breadcrumb\",\"itemListElement\":[{\"@type\":\"ListItem\",\"position\":1,\"name\":\"Etusivu\",\"item\":\"https:\/\/www.horizont.fi\/\"},{\"@type\":\"ListItem\",\"position\":2,\"name\":\"KAUPPA\",\"item\":\"https:\/\/www.horizont.fi\/kauppa\/\"},{\"@type\":\"ListItem\",\"position\":3,\"name\":\"FINLANDIATALO, kuva III &#8211; Helsinki, 2017\"}]},{\"@type\":\"WebSite\",\"@id\":\"https:\/\/www.horizont.fi\/#website\",\"url\":\"https:\/\/www.horizont.fi\/\",\"name\":\"HORIZONT \u2013 Ilmakuvaus\",\"description\":\"Lennokkaita kuvia ja videoita\",\"publisher\":{\"@id\":\"https:\/\/www.horizont.fi\/#organization\"},\"potentialAction\":[{\"@type\":\"SearchAction\",\"target\":{\"@type\":\"EntryPoint\",\"urlTemplate\":\"https:\/\/www.horizont.fi\/?s={search_term_string}\"},\"query-input\":\"required name=search_term_string\"}],\"inLanguage\":\"en-GB\"},{\"@type\":\"Organization\",\"@id\":\"https:\/\/www.horizont.fi\/#organization\",\"name\":\"Horizont - Ilmakuvat\",\"url\":\"https:\/\/www.horizont.fi\/\",\"logo\":{\"@type\":\"ImageObject\",\"inLanguage\":\"en-GB\",\"@id\":\"https:\/\/www.horizont.fi\/#\/schema\/logo\/image\/\",\"url\":\"https:\/\/www.horizont.fi\/horizont\/wp-content\/uploads\/2017\/02\/cropped-logo-horizont2-150.png\",\"contentUrl\":\"https:\/\/www.horizont.fi\/horizont\/wp-content\/uploads\/2017\/02\/cropped-logo-horizont2-150.png\",\"width\":136,\"height\":122,\"caption\":\"Horizont - Ilmakuvat\"},\"image\":{\"@id\":\"https:\/\/www.horizont.fi\/#\/schema\/logo\/image\/\"},\"sameAs\":[\"https:\/\/www.facebook.com\/Horizont.Aerial.Photographers\/\",\"https:\/\/www.instagram.com\/horizont.fi\/\",\"https:\/\/www.youtube.com\/channel\/UC_1M_GpRMYCa9dlvKBQdy-g\"]}]}<\/script>\n<!-- \/ Yoast SEO plugin. -->","yoast_head_json":{"title":"ilmakuva finlandiatalo","description":"Kuvaamme kauko-ohjattavilla kamerakoptereilla. Saat ammattitaidolla ja luotettavasti toteutetut videot ja ilmakuvat edullisesti joko suoraan kuvapankista tai tilaamalla kuvaajamme kohteeseesi.","robots":{"index":"index","follow":"follow","max-snippet":"max-snippet:-1","max-image-preview":"max-image-preview:large","max-video-preview":"max-video-preview:-1"},"canonical":"https:\/\/www.horizont.fi\/en\/product\/finlandiatalo-kuva-iii-helsinki-2017\/","og_locale":"en_GB","og_type":"article","og_title":"ilmakuva finlandiatalo","og_description":"Kuvaamme kauko-ohjattavilla kamerakoptereilla. Saat ammattitaidolla ja luotettavasti toteutetut videot ja ilmakuvat edullisesti joko suoraan kuvapankista tai tilaamalla kuvaajamme kohteeseesi.","og_url":"https:\/\/www.horizont.fi\/en\/product\/finlandiatalo-kuva-iii-helsinki-2017\/","og_site_name":"HORIZONT \u2013 Ilmakuvaus","article_publisher":"https:\/\/www.facebook.com\/Horizont.Aerial.Photographers\/","article_modified_time":"2017-06-21T08:43:55+00:00","og_image":[{"width":3983,"height":2987,"url":"https:\/\/www.horizont.fi\/horizont\/wp-content\/uploads\/2017\/05\/cr4-Horizont_kuva_Finlandiatalo_yl\u00e4puolelta_Markus_Sinerv\u00e4-scaled.jpg","type":"image\/jpeg"}],"twitter_card":"summary_large_image","schema":{"@context":"https:\/\/schema.org","@graph":[{"@type":"WebPage","@id":"https:\/\/www.horizont.fi\/product\/finlandiatalo-kuva-iii-helsinki-2017\/","url":"https:\/\/www.horizont.fi\/product\/finlandiatalo-kuva-iii-helsinki-2017\/","name":"ilmakuva finlandiatalo","isPartOf":{"@id":"https:\/\/www.horizont.fi\/#website"},"primaryImageOfPage":{"@id":"https:\/\/www.horizont.fi\/product\/finlandiatalo-kuva-iii-helsinki-2017\/#primaryimage"},"image":{"@id":"https:\/\/www.horizont.fi\/product\/finlandiatalo-kuva-iii-helsinki-2017\/#primaryimage"},"thumbnailUrl":"https:\/\/www.horizont.fi\/horizont\/wp-content\/uploads\/2017\/05\/cr4-Horizont_kuva_Finlandiatalo_yl\u00e4puolelta_Markus_Sinerv\u00e4-scaled.jpg","datePublished":"2017-05-02T02:37:16+00:00","dateModified":"2017-06-21T08:43:55+00:00","description":"Kuvaamme kauko-ohjattavilla kamerakoptereilla. Saat ammattitaidolla ja luotettavasti toteutetut videot ja ilmakuvat edullisesti joko suoraan kuvapankista tai tilaamalla kuvaajamme kohteeseesi.","breadcrumb":{"@id":"https:\/\/www.horizont.fi\/product\/finlandiatalo-kuva-iii-helsinki-2017\/#breadcrumb"},"inLanguage":"en-GB","potentialAction":[{"@type":"ReadAction","target":["https:\/\/www.horizont.fi\/product\/finlandiatalo-kuva-iii-helsinki-2017\/"]}]},{"@type":"ImageObject","inLanguage":"en-GB","@id":"https:\/\/www.horizont.fi\/product\/finlandiatalo-kuva-iii-helsinki-2017\/#primaryimage","url":"https:\/\/www.horizont.fi\/horizont\/wp-content\/uploads\/2017\/05\/cr4-Horizont_kuva_Finlandiatalo_yl\u00e4puolelta_Markus_Sinerv\u00e4-scaled.jpg","contentUrl":"https:\/\/www.horizont.fi\/horizont\/wp-content\/uploads\/2017\/05\/cr4-Horizont_kuva_Finlandiatalo_yl\u00e4puolelta_Markus_Sinerv\u00e4-scaled.jpg","width":3983,"height":2987,"caption":"DCIM100MEDIADJI_0035.JPG"},{"@type":"BreadcrumbList","@id":"https:\/\/www.horizont.fi\/product\/finlandiatalo-kuva-iii-helsinki-2017\/#breadcrumb","itemListElement":[{"@type":"ListItem","position":1,"name":"Etusivu","item":"https:\/\/www.horizont.fi\/"},{"@type":"ListItem","position":2,"name":"KAUPPA","item":"https:\/\/www.horizont.fi\/kauppa\/"},{"@type":"ListItem","position":3,"name":"FINLANDIATALO, kuva III &#8211; Helsinki, 2017"}]},{"@type":"WebSite","@id":"https:\/\/www.horizont.fi\/#website","url":"https:\/\/www.horizont.fi\/","name":"HORIZONT \u2013 Ilmakuvaus","description":"Lennokkaita kuvia ja videoita","publisher":{"@id":"https:\/\/www.horizont.fi\/#organization"},"potentialAction":[{"@type":"SearchAction","target":{"@type":"EntryPoint","urlTemplate":"https:\/\/www.horizont.fi\/?s={search_term_string}"},"query-input":"required name=search_term_string"}],"inLanguage":"en-GB"},{"@type":"Organization","@id":"https:\/\/www.horizont.fi\/#organization","name":"Horizont - Ilmakuvat","url":"https:\/\/www.horizont.fi\/","logo":{"@type":"ImageObject","inLanguage":"en-GB","@id":"https:\/\/www.horizont.fi\/#\/schema\/logo\/image\/","url":"https:\/\/www.horizont.fi\/horizont\/wp-content\/uploads\/2017\/02\/cropped-logo-horizont2-150.png","contentUrl":"https:\/\/www.horizont.fi\/horizont\/wp-content\/uploads\/2017\/02\/cropped-logo-horizont2-150.png","width":136,"height":122,"caption":"Horizont - Ilmakuvat"},"image":{"@id":"https:\/\/www.horizont.fi\/#\/schema\/logo\/image\/"},"sameAs":["https:\/\/www.facebook.com\/Horizont.Aerial.Photographers\/","https:\/\/www.instagram.com\/horizont.fi\/","https:\/\/www.youtube.com\/channel\/UC_1M_GpRMYCa9dlvKBQdy-g"]}]}},"_links":{"self":[{"href":"https:\/\/www.horizont.fi\/en\/wp-json\/wp\/v2\/product\/3163"}],"collection":[{"href":"https:\/\/www.horizont.fi\/en\/wp-json\/wp\/v2\/product"}],"about":[{"href":"https:\/\/www.horizont.fi\/en\/wp-json\/wp\/v2\/types\/product"}],"replies":[{"embeddable":true,"href":"https:\/\/www.horizont.fi\/en\/wp-json\/wp\/v2\/comments?post=3163"}],"wp:featuredmedia":[{"embeddable":true,"href":"https:\/\/www.horizont.fi\/en\/wp-json\/wp\/v2\/media\/3088"}],"wp:attachment":[{"href":"https:\/\/www.horizont.fi\/en\/wp-json\/wp\/v2\/media?parent=3163"}],"wp:term":[{"taxonomy":"product_cat","embeddable":true,"href":"https:\/\/www.horizont.fi\/en\/wp-json\/wp\/v2\/product_cat?post=3163"},{"taxonomy":"product_tag","embeddable":true,"href":"https:\/\/www.horizont.fi\/en\/wp-json\/wp\/v2\/product_tag?post=3163"}],"curies":[{"name":"wp","href":"https:\/\/api.w.org\/{rel}","templated":true}]}}

<p><span lang="FI" style="margin: 0px; font-family: 'Times New Roman',serif; font-size: 12pt;"><span style="color: #000000;"><i>Näet myytävän kuvan täysikokoisena klikkaamalla viereistä kuvaa.</i></span></span></p>
<p><span lang="FI" style="margin: 0px; font-family: 'Times New Roman',serif; font-size: 12pt;"><span style="color: #000000;">Finlandia talo</span></span><span lang="FI" style="margin: 0px; font-family: 'Times New Roman',serif; font-size: 12pt;"><span style="color: #000000;"> on kongressi- ja tapahtumakeskus Töölönlahden rannalla. Alvar Aalto suunnitteli rakennuksen vuonna 1962 ja se valmistui 1971. Finlandia-talon suunnittelun johtoajatus oli tornimainen osa, jossa kokonaisuuden ylitse on rakennettu vino katto. Tämä ajatus syntyi, koska Aalto uskoi saavuttavansa paremman akustiikan jättämällä tyhjän kaiuntatilan salin yläpuolelle. Rakennuksen suurimmassa salissa on istumapaikat 1700 henkilölle. Finlandia-talossa järjestetään säännöllisesti opastettuja tutustumiskäyntejä yleisölle. Talossa toimii myös yleisölle avoinna oleva kahvila Café Veranda. Kahvilan yhteydessä on Galleria Veranda, jossa on vaihtuvia näyttelyjä. </span></span></p>
<p>Kuva: Markus Sinervä</p>

<!-- This site is optimized with the Yoast SEO plugin v22.6 - https://yoast.com/wordpress/plugins/seo/ -->
<title>ilmakuva finlandiatalo</title>
<meta name="description" content="Kuvaamme kauko-ohjattavilla kamerakoptereilla. Saat ammattitaidolla ja luotettavasti toteutetut videot ja ilmakuvat edullisesti joko suoraan kuvapankista tai tilaamalla kuvaajamme kohteeseesi." />
<meta name="robots" content="index, follow, max-snippet:-1, max-image-preview:large, max-video-preview:-1" />
<link rel="canonical" href="https://www.horizont.fi/en/product/finlandiatalo-kuva-iii-helsinki-2017/" />
<meta property="og:locale" content="en_GB" />
<meta property="og:type" content="article" />
<meta property="og:title" content="ilmakuva finlandiatalo" />
<meta property="og:description" content="Kuvaamme kauko-ohjattavilla kamerakoptereilla. Saat ammattitaidolla ja luotettavasti toteutetut videot ja ilmakuvat edullisesti joko suoraan kuvapankista tai tilaamalla kuvaajamme kohteeseesi." />
<meta property="og:url" content="https://www.horizont.fi/en/product/finlandiatalo-kuva-iii-helsinki-2017/" />
<meta property="og:site_name" content="HORIZONT – Ilmakuvaus" />
<meta property="article:publisher" content="https://www.facebook.com/Horizont.Aerial.Photographers/" />
<meta property="article:modified_time" content="2017-06-21T08:43:55+00:00" />
<meta property="og:image" content="https://www.horizont.fi/horizont/wp-content/uploads/2017/05/cr4-Horizont_kuva_Finlandiatalo_yläpuolelta_Markus_Sinervä-scaled.jpg" />
	<meta property="og:image:width" content="3983" />
	<meta property="og:image:height" content="2987" />
	<meta property="og:image:type" content="image/jpeg" />
<meta name="twitter:card" content="summary_large_image" />
<script type="application/ld+json" class="yoast-schema-graph">{"@context":"https://schema.org","@graph":[{"@type":"WebPage","@id":"https://www.horizont.fi/product/finlandiatalo-kuva-iii-helsinki-2017/","url":"https://www.horizont.fi/product/finlandiatalo-kuva-iii-helsinki-2017/","name":"ilmakuva finlandiatalo","isPartOf":{"@id":"https://www.horizont.fi/#website"},"primaryImageOfPage":{"@id":"https://www.horizont.fi/product/finlandiatalo-kuva-iii-helsinki-2017/#primaryimage"},"image":{"@id":"https://www.horizont.fi/product/finlandiatalo-kuva-iii-helsinki-2017/#primaryimage"},"thumbnailUrl":"https://www.horizont.fi/horizont/wp-content/uploads/2017/05/cr4-Horizont_kuva_Finlandiatalo_yläpuolelta_Markus_Sinervä-scaled.jpg","datePublished":"2017-05-02T02:37:16+00:00","dateModified":"2017-06-21T08:43:55+00:00","description":"Kuvaamme kauko-ohjattavilla kamerakoptereilla. Saat ammattitaidolla ja luotettavasti toteutetut videot ja ilmakuvat edullisesti joko suoraan kuvapankista tai tilaamalla kuvaajamme kohteeseesi.","breadcrumb":{"@id":"https://www.horizont.fi/product/finlandiatalo-kuva-iii-helsinki-2017/#breadcrumb"},"inLanguage":"en-GB","potentialAction":[{"@type":"ReadAction","target":["https://www.horizont.fi/product/finlandiatalo-kuva-iii-helsinki-2017/"]}]},{"@type":"ImageObject","inLanguage":"en-GB","@id":"https://www.horizont.fi/product/finlandiatalo-kuva-iii-helsinki-2017/#primaryimage","url":"https://www.horizont.fi/horizont/wp-content/uploads/2017/05/cr4-Horizont_kuva_Finlandiatalo_yläpuolelta_Markus_Sinervä-scaled.jpg","contentUrl":"https://www.horizont.fi/horizont/wp-content/uploads/2017/05/cr4-Horizont_kuva_Finlandiatalo_yläpuolelta_Markus_Sinervä-scaled.jpg","width":3983,"height":2987,"caption":"DCIM100MEDIADJI_0035.JPG"},{"@type":"BreadcrumbList","@id":"https://www.horizont.fi/product/finlandiatalo-kuva-iii-helsinki-2017/#breadcrumb","itemListElement":[{"@type":"ListItem","position":1,"name":"Etusivu","item":"https://www.horizont.fi/"},{"@type":"ListItem","position":2,"name":"KAUPPA","item":"https://www.horizont.fi/kauppa/"},{"@type":"ListItem","position":3,"name":"FINLANDIATALO, kuva III &#8211; Helsinki, 2017"}]},{"@type":"WebSite","@id":"https://www.horizont.fi/#website","url":"https://www.horizont.fi/","name":"HORIZONT – Ilmakuvaus","description":"Lennokkaita kuvia ja videoita","publisher":{"@id":"https://www.horizont.fi/#organization"},"potentialAction":[{"@type":"SearchAction","target":{"@type":"EntryPoint","urlTemplate":"https://www.horizont.fi/?s={search_term_string}"},"query-input":"required name=search_term_string"}],"inLanguage":"en-GB"},{"@type":"Organization","@id":"https://www.horizont.fi/#organization","name":"Horizont - Ilmakuvat","url":"https://www.horizont.fi/","logo":{"@type":"ImageObject","inLanguage":"en-GB","@id":"https://www.horizont.fi/#/schema/logo/image/","url":"https://www.horizont.fi/horizont/wp-content/uploads/2017/02/cropped-logo-horizont2-150.png","contentUrl":"https://www.horizont.fi/horizont/wp-content/uploads/2017/02/cropped-logo-horizont2-150.png","width":136,"height":122,"caption":"Horizont - Ilmakuvat"},"image":{"@id":"https://www.horizont.fi/#/schema/logo/image/"},"sameAs":["https://www.facebook.com/Horizont.Aerial.Photographers/","https://www.instagram.com/horizont.fi/","https://www.youtube.com/channel/UC_1M_GpRMYCa9dlvKBQdy-g"]}]}</script>
<!-- / Yoast SEO plugin. -->

https://www.horizont.fi/horizont/wp-content/uploads/2017/05/cr4-Horizont_kuva_Finlandiatalo_yläpuolelta_Markus_Sinervä-scaled.jpg
